{"id":2140,"date":"2019-06-24T15:32:28","date_gmt":"2019-06-24T13:32:28","guid":{"rendered":"http:\/\/www.portituristicilamaddalena.it\/die-einschrankungen-des-nationalparks-la-maddalena\/"},"modified":"2019-06-24T15:33:34","modified_gmt":"2019-06-24T13:33:34","slug":"die-einschrankungen-des-nationalparks-la-maddalena","status":"publish","type":"page","link":"https:\/\/www.portituristicilamaddalena.it\/de\/die-einschrankungen-des-nationalparks-la-maddalena\/","title":{"rendered":"Die Einschr\u00e4nkungen des Nationalparks La Maddalena"},"content":{"rendered":"\n<p style=\"text-align:left\">Auf der <strong>Karte der Randbedingungen<\/strong> des <strong>Nationalparks La Maddalena<\/strong> sind die Bestimmungen f\u00fcr die <strong>Schifffahrt<\/strong>, das <strong>Baden<\/strong> und das Angeln auf dem Territorium des sardischen Archipels zusammengefasst.<\/p>\n\n\n\n<p style=\"text-align:left\">Informieren Sie sich auf der Karte \u00fcber die Zoneneinteilung des <strong>Geomarinenparks<\/strong> La Maddalena, welche Gebiete des Archipels unter <strong>Schutz stehen<\/strong>.<\/p>\n","protected":false},"excerpt":{"rendered":"<p>Auf der Karte der Randbedingungen des Nationalparks La Maddalena sind die Bestimmungen f\u00fcr die Schifffahrt, das Baden und das Angeln auf dem Territorium des sardischen Archipels zusammengefasst. Informieren Sie sich auf der Karte \u00fcber die Zoneneinteilung des Geomarinenparks La Maddalena, welche Gebiete des Archipels unter Schutz stehen.<\/p>\n","protected":false},"author":1,"featured_media":0,"parent":0,"menu_order":0,"comment_status":"closed","ping_status":"closed","template":"","meta":{"_acf_changed":false,"footnotes":""},"class_list":["post-2140","page","type-page","status-publish","hentry"],"acf":[],"yoast_head":"<!-- This site is optimized with the Yoast SEO plugin v24.0 - https:\/\/yoast.com\/wordpress\/plugins\/seo\/ -->\n<title>La Maddalena-Einschr\u00e4nkungskarte<\/title>\n<meta name=\"description\" content=\"Informieren Sie sich auf der Karte \u00fcber die Einschr\u00e4nkungen des Nationalparks La Maddalena, und \u00fcberpr\u00fcfen Sie, welche Land- und Meeresgebiete des sardischen Archipels unter Schutz stehen.\" \/>\n<meta name=\"robots\" content=\"index, follow, max-snippet:-1, max-image-preview:large, max-video-preview:-1\" \/>\n<link rel=\"canonical\" href=\"https:\/\/www.portituristicilamaddalena.it\/de\/die-einschrankungen-des-nationalparks-la-maddalena\/\" \/>\n<meta property=\"og:locale\" content=\"de_DE\" \/>\n<meta property=\"og:type\" content=\"article\" \/>\n<meta property=\"og:title\" content=\"La Maddalena-Einschr\u00e4nkungskarte\" \/>\n<meta property=\"og:description\" content=\"Informieren Sie sich auf der Karte \u00fcber die Einschr\u00e4nkungen des Nationalparks La Maddalena, und \u00fcberpr\u00fcfen Sie, welche Land- und Meeresgebiete des sardischen Archipels unter Schutz stehen.\" \/>\n<meta property=\"og:url\" content=\"https:\/\/www.portituristicilamaddalena.it\/de\/die-einschrankungen-des-nationalparks-la-maddalena\/\" \/>\n<meta property=\"og:site_name\" content=\"Yachth\u00e4fen der Gemeinde La Maddalena\" \/>\n<meta property=\"article:modified_time\" content=\"2019-06-24T13:33:34+00:00\" \/>\n<meta name=\"twitter:card\" content=\"summary_large_image\" \/>\n<script type=\"application\/ld+json\" class=\"yoast-schema-graph\">{\"@context\":\"https:\/\/schema.org\",\"@graph\":[{\"@type\":\"WebPage\",\"@id\":\"https:\/\/www.portituristicilamaddalena.it\/de\/die-einschrankungen-des-nationalparks-la-maddalena\/\",\"url\":\"https:\/\/www.portituristicilamaddalena.it\/de\/die-einschrankungen-des-nationalparks-la-maddalena\/\",\"name\":\"La Maddalena-Einschr\u00e4nkungskarte\",\"isPartOf\":{\"@id\":\"https:\/\/www.portituristicilamaddalena.it\/de\/#website\"},\"datePublished\":\"2019-06-24T13:32:28+00:00\",\"dateModified\":\"2019-06-24T13:33:34+00:00\",\"description\":\"Informieren Sie sich auf der Karte \u00fcber die Einschr\u00e4nkungen des Nationalparks La Maddalena, und \u00fcberpr\u00fcfen Sie, welche Land- und Meeresgebiete des sardischen Archipels unter Schutz stehen.\",\"breadcrumb\":{\"@id\":\"https:\/\/www.portituristicilamaddalena.it\/de\/die-einschrankungen-des-nationalparks-la-maddalena\/#breadcrumb\"},\"inLanguage\":\"de-DE\",\"potentialAction\":[{\"@type\":\"ReadAction\",\"target\":[\"https:\/\/www.portituristicilamaddalena.it\/de\/die-einschrankungen-des-nationalparks-la-maddalena\/\"]}]},{\"@type\":\"BreadcrumbList\",\"@id\":\"https:\/\/www.portituristicilamaddalena.it\/de\/die-einschrankungen-des-nationalparks-la-maddalena\/#breadcrumb\",\"itemListElement\":[{\"@type\":\"ListItem\",\"position\":1,\"name\":\"Home\",\"item\":\"https:\/\/www.portituristicilamaddalena.it\/de\/\"},{\"@type\":\"ListItem\",\"position\":2,\"name\":\"Die Einschr\u00e4nkungen des Nationalparks La Maddalena\"}]},{\"@type\":\"WebSite\",\"@id\":\"https:\/\/www.portituristicilamaddalena.it\/de\/#website\",\"url\":\"https:\/\/www.portituristicilamaddalena.it\/de\/\",\"name\":\"Yachth\u00e4fen der Gemeinde La Maddalena\",\"description\":\"Yachth\u00e4fen der Gemeinde La Maddalena\",\"publisher\":{\"@id\":\"https:\/\/www.portituristicilamaddalena.it\/de\/#organization\"},\"potentialAction\":[{\"@type\":\"SearchAction\",\"target\":{\"@type\":\"EntryPoint\",\"urlTemplate\":\"https:\/\/www.portituristicilamaddalena.it\/de\/?s={search_term_string}\"},\"query-input\":{\"@type\":\"PropertyValueSpecification\",\"valueRequired\":true,\"valueName\":\"search_term_string\"}}],\"inLanguage\":\"de-DE\"},{\"@type\":\"Organization\",\"@id\":\"https:\/\/www.portituristicilamaddalena.it\/de\/#organization\",\"name\":\"Porti Turistici La Maddalena\",\"url\":\"https:\/\/www.portituristicilamaddalena.it\/de\/\",\"logo\":{\"@type\":\"ImageObject\",\"inLanguage\":\"de-DE\",\"@id\":\"https:\/\/www.portituristicilamaddalena.it\/de\/#\/schema\/logo\/image\/\",\"url\":\"https:\/\/www.portituristicilamaddalena.it\/wp-content\/uploads\/2019\/04\/porto_maddalena_logo_512.png\",\"contentUrl\":\"https:\/\/www.portituristicilamaddalena.it\/wp-content\/uploads\/2019\/04\/porto_maddalena_logo_512.png\",\"width\":512,\"height\":512,\"caption\":\"Porti Turistici La Maddalena\"},\"image\":{\"@id\":\"https:\/\/www.portituristicilamaddalena.it\/de\/#\/schema\/logo\/image\/\"}}]}<\/script>\n<!-- \/ Yoast SEO plugin. -->","yoast_head_json":{"title":"La Maddalena-Einschr\u00e4nkungskarte","description":"Informieren Sie sich auf der Karte \u00fcber die Einschr\u00e4nkungen des Nationalparks La Maddalena, und \u00fcberpr\u00fcfen Sie, welche Land- und Meeresgebiete des sardischen Archipels unter Schutz stehen.","robots":{"index":"index","follow":"follow","max-snippet":"max-snippet:-1","max-image-preview":"max-image-preview:large","max-video-preview":"max-video-preview:-1"},"canonical":"https:\/\/www.portituristicilamaddalena.it\/de\/die-einschrankungen-des-nationalparks-la-maddalena\/","og_locale":"de_DE","og_type":"article","og_title":"La Maddalena-Einschr\u00e4nkungskarte","og_description":"Informieren Sie sich auf der Karte \u00fcber die Einschr\u00e4nkungen des Nationalparks La Maddalena, und \u00fcberpr\u00fcfen Sie, welche Land- und Meeresgebiete des sardischen Archipels unter Schutz stehen.","og_url":"https:\/\/www.portituristicilamaddalena.it\/de\/die-einschrankungen-des-nationalparks-la-maddalena\/","og_site_name":"Yachth\u00e4fen der Gemeinde La Maddalena","article_modified_time":"2019-06-24T13:33:34+00:00","twitter_card":"summary_large_image","schema":{"@context":"https:\/\/schema.org","@graph":[{"@type":"WebPage","@id":"https:\/\/www.portituristicilamaddalena.it\/de\/die-einschrankungen-des-nationalparks-la-maddalena\/","url":"https:\/\/www.portituristicilamaddalena.it\/de\/die-einschrankungen-des-nationalparks-la-maddalena\/","name":"La Maddalena-Einschr\u00e4nkungskarte","isPartOf":{"@id":"https:\/\/www.portituristicilamaddalena.it\/de\/#website"},"datePublished":"2019-06-24T13:32:28+00:00","dateModified":"2019-06-24T13:33:34+00:00","description":"Informieren Sie sich auf der Karte \u00fcber die Einschr\u00e4nkungen des Nationalparks La Maddalena, und \u00fcberpr\u00fcfen Sie, welche Land- und Meeresgebiete des sardischen Archipels unter Schutz stehen.","breadcrumb":{"@id":"https:\/\/www.portituristicilamaddalena.it\/de\/die-einschrankungen-des-nationalparks-la-maddalena\/#breadcrumb"},"inLanguage":"de-DE","potentialAction":[{"@type":"ReadAction","target":["https:\/\/www.portituristicilamaddalena.it\/de\/die-einschrankungen-des-nationalparks-la-maddalena\/"]}]},{"@type":"BreadcrumbList","@id":"https:\/\/www.portituristicilamaddalena.it\/de\/die-einschrankungen-des-nationalparks-la-maddalena\/#breadcrumb","itemListElement":[{"@type":"ListItem","position":1,"name":"Home","item":"https:\/\/www.portituristicilamaddalena.it\/de\/"},{"@type":"ListItem","position":2,"name":"Die Einschr\u00e4nkungen des Nationalparks La Maddalena"}]},{"@type":"WebSite","@id":"https:\/\/www.portituristicilamaddalena.it\/de\/#website","url":"https:\/\/www.portituristicilamaddalena.it\/de\/","name":"Yachth\u00e4fen der Gemeinde La Maddalena","description":"Yachth\u00e4fen der Gemeinde La Maddalena","publisher":{"@id":"https:\/\/www.portituristicilamaddalena.it\/de\/#organization"},"potentialAction":[{"@type":"SearchAction","target":{"@type":"EntryPoint","urlTemplate":"https:\/\/www.portituristicilamaddalena.it\/de\/?s={search_term_string}"},"query-input":{"@type":"PropertyValueSpecification","valueRequired":true,"valueName":"search_term_string"}}],"inLanguage":"de-DE"},{"@type":"Organization","@id":"https:\/\/www.portituristicilamaddalena.it\/de\/#organization","name":"Porti Turistici La Maddalena","url":"https:\/\/www.portituristicilamaddalena.it\/de\/","logo":{"@type":"ImageObject","inLanguage":"de-DE","@id":"https:\/\/www.portituristicilamaddalena.it\/de\/#\/schema\/logo\/image\/","url":"https:\/\/www.portituristicilamaddalena.it\/wp-content\/uploads\/2019\/04\/porto_maddalena_logo_512.png","contentUrl":"https:\/\/www.portituristicilamaddalena.it\/wp-content\/uploads\/2019\/04\/porto_maddalena_logo_512.png","width":512,"height":512,"caption":"Porti Turistici La Maddalena"},"image":{"@id":"https:\/\/www.portituristicilamaddalena.it\/de\/#\/schema\/logo\/image\/"}}]}},"jetpack_sharing_enabled":true,"_links":{"self":[{"href":"https:\/\/www.portituristicilamaddalena.it\/de\/wp-json\/wp\/v2\/pages\/2140","targetHints":{"allow":["GET"]}}],"collection":[{"href":"https:\/\/www.portituristicilamaddalena.it\/de\/wp-json\/wp\/v2\/pages"}],"about":[{"href":"https:\/\/www.portituristicilamaddalena.it\/de\/wp-json\/wp\/v2\/types\/page"}],"author":[{"embeddable":true,"href":"https:\/\/www.portituristicilamaddalena.it\/de\/wp-json\/wp\/v2\/users\/1"}],"replies":[{"embeddable":true,"href":"https:\/\/www.portituristicilamaddalena.it\/de\/wp-json\/wp\/v2\/comments?post=2140"}],"version-history":[{"count":2,"href":"https:\/\/www.portituristicilamaddalena.it\/de\/wp-json\/wp\/v2\/pages\/2140\/revisions"}],"predecessor-version":[{"id":2142,"href":"https:\/\/www.portituristicilamaddalena.it\/de\/wp-json\/wp\/v2\/pages\/2140\/revisions\/2142"}],"wp:attachment":[{"href":"https:\/\/www.portituristicilamaddalena.it\/de\/wp-json\/wp\/v2\/media?parent=2140"}],"curies":[{"name":"wp","href":"https:\/\/api.w.org\/{rel}","templated":true}]}}

Die Einschränkungen des Nationalparks La Maddalena

<p style="text-align:left">Auf der <strong>Karte der Randbedingungen</strong> des <strong>Nationalparks La Maddalena</strong> sind die Bestimmungen für die <strong>Schifffahrt</strong>, das <strong>Baden</strong> und das Angeln auf dem Territorium des sardischen Archipels zusammengefasst.</p>



<p style="text-align:left">Informieren Sie sich auf der Karte über die Zoneneinteilung des <strong>Geomarinenparks</strong> La Maddalena, welche Gebiete des Archipels unter <strong>Schutz stehen</strong>.</p>

<p>Auf der Karte der Randbedingungen des Nationalparks La Maddalena sind die Bestimmungen für die Schifffahrt, das Baden und das Angeln auf dem Territorium des sardischen Archipels zusammengefasst. Informieren Sie sich auf der Karte über die Zoneneinteilung des Geomarinenparks La Maddalena, welche Gebiete des Archipels unter Schutz stehen.</p>

<!-- This site is optimized with the Yoast SEO plugin v24.0 - https://yoast.com/wordpress/plugins/seo/ -->
<title>La Maddalena-Einschränkungskarte</title>
<meta name="description" content="Informieren Sie sich auf der Karte über die Einschränkungen des Nationalparks La Maddalena, und überprüfen Sie, welche Land- und Meeresgebiete des sardischen Archipels unter Schutz stehen." />
<meta name="robots" content="index, follow, max-snippet:-1, max-image-preview:large, max-video-preview:-1" />
<link rel="canonical" href="https://www.portituristicilamaddalena.it/de/die-einschrankungen-des-nationalparks-la-maddalena/" />
<meta property="og:locale" content="de_DE" />
<meta property="og:type" content="article" />
<meta property="og:title" content="La Maddalena-Einschränkungskarte" />
<meta property="og:description" content="Informieren Sie sich auf der Karte über die Einschränkungen des Nationalparks La Maddalena, und überprüfen Sie, welche Land- und Meeresgebiete des sardischen Archipels unter Schutz stehen." />
<meta property="og:url" content="https://www.portituristicilamaddalena.it/de/die-einschrankungen-des-nationalparks-la-maddalena/" />
<meta property="og:site_name" content="Yachthäfen der Gemeinde La Maddalena" />
<meta property="article:modified_time" content="2019-06-24T13:33:34+00:00" />
<meta name="twitter:card" content="summary_large_image" />
<script type="application/ld+json" class="yoast-schema-graph">{"@context":"https://schema.org","@graph":[{"@type":"WebPage","@id":"https://www.portituristicilamaddalena.it/de/die-einschrankungen-des-nationalparks-la-maddalena/","url":"https://www.portituristicilamaddalena.it/de/die-einschrankungen-des-nationalparks-la-maddalena/","name":"La Maddalena-Einschränkungskarte","isPartOf":{"@id":"https://www.portituristicilamaddalena.it/de/#website"},"datePublished":"2019-06-24T13:32:28+00:00","dateModified":"2019-06-24T13:33:34+00:00","description":"Informieren Sie sich auf der Karte über die Einschränkungen des Nationalparks La Maddalena, und überprüfen Sie, welche Land- und Meeresgebiete des sardischen Archipels unter Schutz stehen.","breadcrumb":{"@id":"https://www.portituristicilamaddalena.it/de/die-einschrankungen-des-nationalparks-la-maddalena/#breadcrumb"},"inLanguage":"de-DE","potentialAction":[{"@type":"ReadAction","target":["https://www.portituristicilamaddalena.it/de/die-einschrankungen-des-nationalparks-la-maddalena/"]}]},{"@type":"BreadcrumbList","@id":"https://www.portituristicilamaddalena.it/de/die-einschrankungen-des-nationalparks-la-maddalena/#breadcrumb","itemListElement":[{"@type":"ListItem","position":1,"name":"Home","item":"https://www.portituristicilamaddalena.it/de/"},{"@type":"ListItem","position":2,"name":"Die Einschränkungen des Nationalparks La Maddalena"}]},{"@type":"WebSite","@id":"https://www.portituristicilamaddalena.it/de/#website","url":"https://www.portituristicilamaddalena.it/de/","name":"Yachthäfen der Gemeinde La Maddalena","description":"Yachthäfen der Gemeinde La Maddalena","publisher":{"@id":"https://www.portituristicilamaddalena.it/de/#organization"},"potentialAction":[{"@type":"SearchAction","target":{"@type":"EntryPoint","urlTemplate":"https://www.portituristicilamaddalena.it/de/?s={search_term_string}"},"query-input":{"@type":"PropertyValueSpecification","valueRequired":true,"valueName":"search_term_string"}}],"inLanguage":"de-DE"},{"@type":"Organization","@id":"https://www.portituristicilamaddalena.it/de/#organization","name":"Porti Turistici La Maddalena","url":"https://www.portituristicilamaddalena.it/de/","logo":{"@type":"ImageObject","inLanguage":"de-DE","@id":"https://www.portituristicilamaddalena.it/de/#/schema/logo/image/","url":"https://www.portituristicilamaddalena.it/wp-content/uploads/2019/04/porto_maddalena_logo_512.png","contentUrl":"https://www.portituristicilamaddalena.it/wp-content/uploads/2019/04/porto_maddalena_logo_512.png","width":512,"height":512,"caption":"Porti Turistici La Maddalena"},"image":{"@id":"https://www.portituristicilamaddalena.it/de/#/schema/logo/image/"}}]}</script>
<!-- / Yoast SEO plugin. -->

La Maddalena-Einschränkungskarte

Informieren Sie sich auf der Karte über die Einschränkungen des Nationalparks La Maddalena, und überprüfen Sie, welche Land- und Meeresgebiete des sardischen Archipels unter Schutz stehen.

Yachthäfen der Gemeinde La Maddalena
